34) + 82/3 + 0. Determine n(i).
8
Let p(i) be the first derivative of i**5/12 - i**4/24 + i**3/6 - 59*i**2/2 + i + 19. Let w(j) be the second derivative of p(j). Give w(1).
5
Let h(i) = i**2 + 9*i + 8. Let o = -5 + 14. Let g = o - 18. What is h(g)?
8
Let j(m) = -25*m - 19 - 5 - 4197*m**3 + 10*m**2 + 4198*m**3. Calculate j(-12).
-12
Let b = -10701 - -10720. Let w(j) = 4*j**2 - 77*j + 23. Give w(b).
4
Let c(s) = s + 4. Let h be 0/3 - -4*(2 + 1). Let j(f) = 12*f**3 - 13*f**3 + 11*f + 8 + f + h*f**2. Let x be j(13). Give c(x).
-1
Let g(w) = 22*w**3 - 2*w**2 - w. Suppose -4*m = -8, -3*d + 5*m - 56 = -10. Let i(t) = 6*t + 71. Let h be i(d). What is g(h)?
-23
Let f(p) = -4*p + 1946*p**2 - 8 + 1900*p**2 - 3848*p**2. What is f(-5)?
-38
Let t = 259 - 256. Suppose 0 = t*g + 3*u, -6*u + 5*u = -3*g + 16. Let c(n) = -n**3 + 5*n**2 - 2*n + 5. What is c(g)?
13
Let w be (-1118)/(-344) + (-3)/12. Let v(b) = 3*b**2 - b - 3. Give v(w).
21
Suppose 2*n + n = 45. Suppose -4*q + q - n = 0. Let t(d) = 32*d**2 - 6 - 46*d**2 + 13*d**2 - 6*d. What is t(q)?
-1
Let t(r) = r**3 + 12*r**2 - r - 3. Let f(a) = 2*a**3 + 37*a**2 + 4*a - 4. Let q(i) = -f(i) + 3*t(i). Calculate q(-2).
-3
Let m(u) = -53*u + 378. Let q(y) = 132*y - 941. Let x(j) = 13*m(j) + 5*q(j). Give x(7).
6
Let o(q) = -2*q**2 + 15*q. Let c(d) = -18*d**2 - 17*d - 3. Let w(p) = -c(p) - o(p). Determine w(-2).
79
Let q = 20 - 14. Let m(l) = -l + q - l + 4*l. Suppose -382*j + 5976 = -720*j - 1156*j. Calculate m(j).
-2
Let g be 30/24 - (-1)/(-4). Let h(j) = -3*j**3 + 0*j**3 - j**2 - 5*j**3 + g - j**3. Let z = -982 - -981. Determine h(z).
9
Let o be ((-12)/10)/((-123)/410). Let x(g) = -3*g**2 + 116*g - o - g**3 - 230*g + 109*g. Suppose -4*p + 1 = -6*p - l, -4*p + 5*l - 37 = 0. Determine x(p).
11
Let z(q) = 2*q - 7. Suppose -5*f + 70 = 5*f. Let s(y) = y**3 - 8*y**2 + 2*y - 13. Let g be s(f). Let b = 55 + g. What is z(b)?
7
Let q(c) = 4*c + 32. Let v(d) = 33*d + 25. Let f be v(-1). Let b be q(f). Let n(g) = -g + g**3 + g**2 - 3 + g. Calculate n(b).
-3
Let t(g) = -g**3 + 9*g**2 + 14*g - 49. Suppose -10*i = -13*i + 5*q + 45, 3*i = 4*q + 42. Determine t(i).
-9
Let p(c) = 3*c**2 + 6*c + 5. Let r be p(-1). Suppose -32 = r*q - 5*m, -q - 25 = -3*m - 7. Let a(d) = d**3 + 6*d**2 + d + 11. Determine a(q).
5
Let f(p) = -p**3 + 28*p**2 + 11*p + 20. Let m(b) = -2*b**3 + 51*b**2 + 21*b + 38. Let j(h) = -11*f(h) + 6*m(h). What is j(-2)?
-2
Let f(s) = -s - 17. Suppose -31*j - 36*j - 378 = -49*j. Give f(j).
4
Let f(o) = o**3 + 3*o**2 - 2*o - 10. Suppose 68*z + 0*z + 39 = -233. Calculate f(z).
-18
Let h(d) be the first derivative of d**3/3 + 4*d**2 + 7*d + 246. Let g be 0 + -1 + 0 + -7. Calculate h(g).
7
Let m(n) = 5 + 6*n - 14*n**2 + 14 - n**3 + 9*n**2 - 11. Give m(-6).
8
Let l(q) = -q**2 - 24*q + 44. Let y be l(-26). Let h(z) be the second derivative of -1/20*z**5 - 7/12*z**4 + 6*z**2 + 3/2*z**3 + 0 - 4*z. Give h(y).
4
Let r(d) = -d**3 - 7*d**2 - 7*d + 4. Suppose 3*o - 2*x - 46 = -3*x, -o + 20 = -2*x. Suppose 0 = 2*v + 2, 50 - o = -5*h - 4*v. What is r(h)?
10
Let w(z) = z**2 + z - 8. Let m = 155 + -194. Let g = m + 39. Give w(g).
-8
Let l(t) = 2*t + 7. Let c(v) = -v**2 + 14*v + 16. Let q be 10/10 + (1 - (-2 + -11)). Let o be c(q). Let k be (o*6)/((-20)/(-10)) - 11. Calculate l(k).
-9
Let m(a) = a**3 + 13*a**2 + 13*a + 7. Let c = 338 + -344. Let b be (56/7)/(c/9). What is m(b)?
-5
Let h(z) = -19*z + z**2 + 24*z + 19*z + 0*z**2 - 53 + 19*z**2 - z**3. Determine h(21).
10
Let l(s) = 2*s - 1. Let q(d) = -10*d + 4. Let g(p) = -11*l(p) - 2*q(p). Suppose 3*y - 7*x = -10*x + 3, x = -2*y + 1. Calculate g(y).
3
Let b(i) = 5*i**2 + 4 + 19*i - i**3 - 72*i + 18*i + 22*i + 14*i. Calculate b(5).
9
Let t(n) = -15*n**2 + 16*n - 19. Let c(p) = -7*p**2 + 7*p - 9. Let q(h) = 13*c(h) - 6*t(h). Let l be q(-3). Let j(u) = u**2 + 2*u - 2. What is j(l)?
13
Let b(w) = -7*w + 4. Let t(v) = 33*v - 9. Let m(o) = -3*b(o) - t(o). Determine m(3).
-39
Let c(w) = w**2 - 2*w + 2. Suppose 47 + 68 = 5*o. Let s = 26 - o. Suppose -3*h - 14 = -2*g + h, -s*g - 2*h = -5. Calculate c(g).
5
Let v(r) = 2*r**2 - r - 2. Let d be v(-2). Let j(a) = 3*a + 7 - 2703*a**2 + 1353*a**2 + 1351*a**2 - 12*a. Give j(d).
-1
Let s(t) = -30*t + 840. Let j(w) = w - 32. Let a(y) = 54*j(y) + 2*s(y). What is a(-9)?
6
Let u(t) = -40*t**3 - 25*t**2 + 20*t - 39. Let p(c) = -12*c**3 - 8*c**2 + 6*c - 12. Let j(h) = -13*p(h) + 4*u(h). What is j(2)?
-12
Let z(i) = i**2 + 8*i + 25. Suppose -266*y - 2656 - 4 = 0. What is z(y)?
45
Let z(f) = -11*f**3 + 4*f**2 - 27*f - 102. Let v(d) = 28*d**3 - 8*d**2 + 54*d + 202. Let k(o) = -2*v(o) - 5*z(o). Calculate k(-5).
-4
Suppose -1 = -4*o + 11. Suppose o*x - 21 = -0*x. Let d(m) = 7*m + 3*m**2 - 2 + 0*m**2 + x - m**2. Calculate d(-4).
9
Let v(j) = -23*j - 153. Let i be v(-7). Let a(f) = 2*f**2 - 15*f - 40. Let b(q) = -3*q**2 + 22*q + 61. Let p(z) = i*a(z) + 5*b(z). Calculate p(12).
9
Let y(p) be the first derivative of p**2/2 - 15*p - 12058. Suppose 5*i = 2*i + 21. Give y(i).
-8
Let f(o) = 23*o - 4*o + 6946831*o**2 - 6946832*o**2 - 40. What is f(15)?
20
Let m(r) = -r - 6 + 0 + r**2 - r**3 - 4. Let y be (-3 - (-3)/(-6)*-6)/((-442)/(-221)). What is m(y)?
-10
Let p(u) = 15*u + 14. Let y(b) = b**2 + 3*b - 9. Let f be y(-4). Let w be p(f). Let m = w + 61. Let k(z) = z**2 - z - 8. Determine k(m).
-8
Let m(d) = d**2 - 3*d - 36. Suppose 34*f - 36*f = -5*x + 46, -5*x + f = -43. Calculate m(x).
4
Let u(s) = 10*s + 8. Let p(j) = 15*j + 12. Let f(b) = -5*p(b) + 8*u(b). Let l be (-7)/((-2 + 8)/(-18)). Suppose -36*i - l = -29*i. Give f(i).
-11
Suppose 1465 + 3496 = -11*m. Let s = -455 - m. Let p(t) = -5*t**2 - 4*t - 10. Let f(n) = -n**2 - n - 2. Let j(d) = -22*f(d) + 4*p(d). Calculate j(s).
12
Let x(k) = -k**2 - 15*k + 54. Let n(h) = h**3 - 5*h**2 - 6*h + 22. Let s be n(4). Give x(s).
0
Let a(m) = -3*m**3 - 3*m**2 + 3*m + 3. Let r(h) = 2*h**3 + 2*h**2 - 2*h - 2. Let v(y) = -3*a(y) - 4*r(y). Let c = -96 + -3. Let j = c - -96. Determine v(j).
-16
Let u be 21/(-42) - ((-9)/(-2) + 0). Let r(g) = g**3 + 5*g**2 + 6*g + 4. Give r(u).
-26
Let f = -11893 - -11889. Let o(j) = -2*j**3 - 5*j**2 + j + 1. What is o(f)?
45
Suppose -26 = -3*l - 5*q, 3*l - 4*q + 14 = 2*l. Let b be 1/(2 + 14/(-4) + l). Let t(d) = b*d + 2*d - d + 2 + 1. Give t(-4).
-9
Let z(f) = f**2. Let d = -121 - -130. Suppose 2*r = k + d, 0*k + 2*k + 5*r = 9. Determine z(k).
9
Let b be 3/(-7) - (396/55)/(112/40). Let s(y) = -y**2 - 17*y + 2. Calculate s(b).
44
Suppose -2*b + 8 = -u, 13*b - 3*u = 11*b + 16. Let s(c) = 6*c**2 - 7*c - c**b - 10 - 21*c**2 - c**3 - c - 7*c. Calculate s(-15).
-10
Let r(b) = -156*b**2 + 3 + 153*b**2 - 6 - 7*b - 8*b. Determine r(-4).
9
Let a(u) = u**2 - 4*u - 5. Let m be a(6). Let s(g) be the third derivative of g**4/12 - 10*g**3/3 - 28370*g**2. Give s(m).
-6
Let w = 114 + -128. Let u(q) = 2*q**2 + 28*q + 21. What is u(w)?
21
Let r(f) = 330*f - 44. Let c(k) = 124*k - 15. Let m(h) = -8*c(h) + 3*r(h). Determine m(-5).
-2
Let w(y) = 2*y - 1. Suppose 0*g - 3*g + 9 = 0. Let f(n) = -4 - 6*n**2 - 2*n**3 + 6*n - g*n**3 + 6*n**3. Let v be f(5). Give w(v).
1
Let i = 41 - 42. Let q = i + 6. Suppose r - 5*s - 3 = 6, -3*r + 27 = q*s. Let a(n) = n - 8. Calculate a(r).
1
Let s be (-26)/72*(-11025)/19110. Let n(z) be the third derivative of 1/10*z**5 + 0 - 38*z**2 + 0*z - 1/120*z**6 + 4/3*z**3 + s*z**4. What is n(7)?
-6
Let q(v) = 229*v. Let d be q(0). Let r(h) = 2*h**2 - 3*h - 61. Calculate r(d).
-61
Suppose 182 = 22*f - 8*f. Suppose f*w - 11*w - 5*j = -20, w + 10 = 2*j. Let v(b) = b**2 + 7*b - 23. Determine v(w).
7
Let j = -3 + 11. Let a(m) be the second derivative of -m**5/20 + 7*m**4/12 + 4*m**3/3 - 3*m**2/2 - 150*m. Calculate a(j).
-3
Let j(p) = 2*p**2 - 2*p + 3. Suppose 3*l + 39 = 2*x - 24, 0 = -5*x + 4*l + 147. Suppose -3*m + 3*o = 2*m - x, 0 = m + 4*o + 13. Determine j(m).
15
Suppose -3*h - 4*o + 20 = 0, -4*h = 4*o - 20 - 8. Let l(u) = 2*u**2 - 25*u + 2. Let q(a) = -3*a**2 + 39*a - 4. Let r(b) = -2*l(b) - q(b). Give r(h).
24
Suppose -2*o - 2*o = -3*j + 15, 20 = -4*o + 4*j. Suppose o = 5*g + 30. Let n(q) = 4*q + 1. What is n(g)?
-23
Let f(u) = u**3 + 6*u**2 + 3*u + 5. Let b = -108 + 263. Let r = b - 161. Calculate f(r).
-13
Let a = 131 + -119. Let p(r) = r**3 - 11*r**2 - 12*r - 5. Give p(a).
-5
Let r(b) be the f